 2*c - 9. Let k be x(-6). Suppose 7*m - 376 = k*m. Suppose -5*l = 3*w - 162, -m = -3*l - 0*l - w. What is the units digit of l?
0
Suppose 0*d - 14 = -2*d. Suppose 13*k - d*k = 768. What is the tens digit of k?
2
Suppose 216 = -2*w + 5*w. Suppose w = r + 2. What is the tens digit of r?
7
Let h(l) = 17*l - 16. Let x(c) = c**3 - c**2 - 5*c + 5. Let t be x(3). What is the tens digit of h(t)?
2
Let x = 44 - 12. Suppose -j + 12 = -f - 0*f, -x = -3*j - f. What is the tens digit of j?
1
Let d(s) = 2*s - 17. Let o be d(10). Let y(z) = 8*z**2 + 2*z - 6. Let p be y(o). What is the tens digit of (-2)/1 + 4 + p?
7
Let z(o) = 6*o - 29. Let s = -21 - -27. What is the units digit of z(s)?
7
Let u be (-4 - (-36)/3)/2. Let c = u + -6. What is the units digit of 56 + (-2)/(-1) + c?
6
Let y = -34 + 39. What is the tens digit of (-176)/3*(60/(-8))/y?
8
Let b = 170 + -98. Suppose -y + 0*v - 4*v + 36 = 0, 2*y - b = v. What is the tens digit of y?
3
Suppose 16 = -x - 4*b, -x - 4*b = -6*x + 40. Let t(q) = 2*q**3 - 4*q**2 - 2*q + 9. What is the units digit of t(x)?
5
Suppose -s - 216 + 38 = -5*z, 2*s - 148 = -4*z. Suppose j - 16 = 2*f, 5*j + 3*f = 116 - z. What is the tens digit of j?
1
Let i = 1213 - 590. What is the units digit of i?
3
Suppose -270*z + 4557 = -263*z. What is the tens digit of z?
5
Let g(t) = -t**3 + 8*t**2 - 6*t - 4. Let a be g(7). Suppose 8*f + r - 296 = a*f, -2*r + 2 = 0. What is the tens digit of f?
5
Suppose -10 = -2*f - 4, 5*r - 12 = f. Suppose r*k = -9*k + 1620. What is the hundreds digit of k?
1
What is the hundreds digit of 1197/6*(-3 + (2 - -3))?
3
Suppose 4*s = 7*s. Suppose -2*h - 5*q + 33 = -113, s = 5*h - 4*q - 299. What is the units digit of h?
3
Let z(w) = 26*w - 21. Let f be (33/(-9))/(4/(-12)). What is the hundreds digit of z(f)?
2
Suppose -94 = -8*w + 666. What is the units digit of w?
5
Let i(n) = 17*n + 2. Let b(a) = 8*a + 1. Let x(k) = -15*b(k) + 6*i(k). What is the units digit of x(-4)?
9
Suppose -5*t - 5 = -k, 2*t - 15 = -0*k - 3*k. Let y(g) = -g**2 - 19*g + 9. Let z(v) = -4*v + 2. Let d(s) = -2*y(s) + 11*z(s). What is the units digit of d(k)?
4
Let d = 10 - 5. Suppose 0*o - 5*o - d*j + 260 = 0, -5 = -5*j. Suppose -5*z + o - 11 = 0. What is the units digit of z?
8
Let v be 0*(-4 - 44/(-12)). Let w = 35 - 21. Suppose q + q - w = v. What is the units digit of q?
7
Let q = 1749 + -1041. What is the tens digit of q?
0
Let w = -2 - -10. Suppose 4*p = -0*p - w. What is the units digit of (p/(-3))/(6/27)?
3
Let b(l) = -219*l + 32. What is the units digit of b(-3)?
9
Let o(j) = -2*j**2 - 12*j - 3. Let n be o(-6). What is the tens digit of 82*n*(-5)/15?
8
Suppose -14*h + 16*h = 10. Suppose 0*l + 5*s + 120 = 5*l, h*l = s + 140. What is the units digit of l?
9
Suppose 2*b = 3*n + 58 + 81, -2*b - 190 = 4*n. Let k = 33 - n. Suppose -2*s - 9 = -5*a - 61, -4*s = -4*a - k. What is the tens digit of s?
1
Let a = 123 - 200. Suppose -b - 378 = 13*b. Let g = b - a. What is the units digit of g?
0
Let q(a) = -3*a**2 - 4*a - 3. Let m(i) = 2*i - 3. Let l be m(0). Let d be q(l). What is the units digit of (-3 - 5/(-2))*d?
9
Suppose 0 = 5*f, v + 1020 = 5*v - f. Let t = -181 + v. What is the units digit of t?
4
Suppose -3*d + 141 = 2*h, -4*d + 233 + 123 = 5*h. Suppose z + 3*z = h. Suppose -3*x = -60 + z. What is the units digit of x?
4
Suppose -3*w = -2*a + 2*w + 3418, -3*a - 2*w + 5127 = 0. What is the units digit of a?
9
Let h(j) = 5*j**2 + 6*j - 7. Let y be h(-5). Let s = -4 + y. Suppose 0 = 3*q + 18 - s. What is the units digit of q?
2
Let k(a) = -a + 28. Let o be k(20). What is the hundreds digit of (0 + (-4)/o)/(2/(-1128))?
2
Let y(b) = -22*b + 10. Let q(i) = 153*i - 69. Let w(g) = 4*q(g) + 27*y(g). Suppose 6*f + 0*f - 18 = 0. What is the units digit of w(f)?
8
Let w(f) = -5*f**3 + 3*f**2 + 4*f + 1. Let y be w(3). Let r = -158 - y. What is the tens digit of (-1166)/(-18) - 14/r?
6
Suppose -15 = -3*s - u + 14, 0 = 5*s + u - 45. Let t = s - -32. What is the units digit of t?
0
Let f be (-5)/((7/2)/(-7)). Suppose -c = 3*q - 3, q + f = -3*c - c. What is the tens digit of -7*9/(-6)*q?
2
Suppose 5*a - c = 2*c + 7, -5*c + 5 = 0. Suppose -a*y + 4 = -2. Suppose 0*s - 36 = -y*s. What is the tens digit of s?
1
Let g(u) = -179*u - 98. What is the hundreds digit of g(-4)?
6
What is the units digit of 24/(1/(-5)*-2)?
0
Suppose -35*b + 30*b = -8535. What is the tens digit of b?
0
Suppose 27*r = -2*d + 22*r + 2095, -r + 3175 = 3*d. What is the thousands digit of d?
1
What is the hundreds digit of 3/(-5) + -1*5536/(-10)?
5
Let l be 10 + (-1 - -9)/4. Let q be (-1)/(-6) - (-148)/(-24). What is the units digit of l/(-15)*135/q?
8
Suppose 0 = 4*d + 2*o - 2 - 6, -5*d = 5*o - 5. Suppose -d*j + 6*j - 3 = -2*w, -2*j = -w - 2. What is the units digit of j?
1
Suppose -5*m + 4*m = 5*g - 2039, 3*g + 3*m = 1221. What is the tens digit of g?
0
Let f = -291 + -24. Let z = f + 469. What is the units digit of z/(-21)*(-9)/2?
3
Let u(g) = 3*g**2 - 8*g. Let h be u(6). Suppose 56*w + 412 = h*w. What is the units digit of w?
3
Let n be 844/28 - 1 - (-2)/(-14). Let c = 115 - n. What is the units digit of c?
6
Let j = 945 + 816. What is the units digit of j?
1
Suppose -2*v - 8 = -3*t + 466, 3*t - 474 = -2*v. Suppose -p + t = -4*u - 27, 3*u + 727 = 4*p. Suppose 4*r - p = 35. What is the units digit of r?
4
Suppose -z + 1 = -1. Let a(o) = 62*o - 20. Let c(w) = 21*w - 7. Let t(l) = 4*a(l) - 11*c(l). What is the units digit of t(z)?
1
Let c = 162 - 84. What is the units digit of (c/(-12))/(3/(-6))?
3
What is the units digit of 4/(-28)*-48*259?
6
Let y(r) = 4 + 5 - r**3 + 2*r + 0*r**3 + 7*r**2. Suppose 0*o - 14 = -2*o. What is the units digit of y(o)?
3
Suppose 27544 = 14*l + 10324. What is the hundreds digit of l?
2
Let r(q) = 3*q**2 + 25*q + 150. What is the hundreds digit of r(-33)?
5
Let a = 59 + 112. What is the hundreds digit of a?
1
Let d(r) = -r**2 + r - 2 - 2*r**3 + r**3 + 2 - 1. Let o be d(0). Let c(z) = -4*z. What is the units digit of c(o)?
4
Suppose 4*g - 1435 = -w + 3507, 0 = 4*g + 4*w - 4948. What is the units digit of g?
5
Let k = 11543 + -7180. What is the units digit of k?
3
Suppose 0 = -2*u - 3*u + 80. Let y = -18 + u. What is the units digit of 8/(-12)*6/y?
2
Let r(z) = -z**2 + 22*z - 32. Let y be r(20). What is the units digit of y/(-10)*-5*1/2?
2
Suppose 21 = -x + 2*x. Let t = x + -15. Suppose 0 = 4*v - t*v + 46. What is the units digit of v?
3
Suppose 4*d - 4*r - 756 = -3*r, 5*d + 4*r - 924 = 0. What is the hundreds digit of d?
1
Let z(q) = 25*q + 60. What is the units digit of z(3)?
5
Let p = -14 + 16. Let o(v) = p*v**2 - 8 + 4 + 5*v + v**2 - 2*v**2. What is the units digit of o(3)?
0
Let o be -118 + 12/(8 + -4). Let h = 206 + o. What is the tens digit of h?
9
Let i(o) = 5*o**2 - 27*o - 91. What is the tens digit of i(-3)?
3
Let x(a) = 8*a - 55. Let t be x(8). Let y(b) = 2*b**2 - 2*b - 21. What is the units digit of y(t)?
3
What is the tens digit of (2/(-7) - 30252/(-42)) + 2?
2
Suppose -2*a - 1899 = -5*m, 3*m - 501 = -a + 645. Let c = m - 203. What is the tens digit of c/5 - (-12)/30?
3
Suppose -i - o - 6 = 0, 0 = -7*i + 11*i - 3*o + 31. What is the units digit of (-1173)/i - 4/7?
7
Suppose 7*f - 10 = 2*f. Let m be (f + -1)/(8/16). Suppose 3*x = 53 - m. What is the tens digit of x?
1
Let d = -12 + 14. Suppose -6 = -d*r - 0. Suppose -4*c + 1 = -r. What is the units digit of c?
1
Let z be 2/(-9) - (-1580)/(-18). Let a = -12 - z. What is the units digit of a?
6
Let r(c) = -3*c - 17. Let z be r(-5). What is the tens digit of 83 - 0/(z - -5) - 0?
8
Suppose -a + 3*w - 8 = 0, 3*a + a - w + 10 = 0. Let v be (-2 - a) + -27*3. What is the tens digit of (-3)/(-3 - v/30)?
1
Suppose -3*z + 1915 = -1364. What is the hundreds digit of z?
0
Suppose -83 = -4*q + 121. Suppose d - 2 = 2. What is the units digit of 42/d*136/q?
8
Suppose 15*y = 11*y + 96. Suppose i - 44 = y. What is the units digit of i?
8
Let n = 2020 + -260. What is the thousands digit of n?
1
Let c(j) = -j**3 - 9*j**2 - 3*j - 3. Let p be 10/55 + (-436)/(-22). Suppose p = -5*q - 25. What is the units digit of c(q)?
4
Let o(p) be the second derivative of -p**5/20 - 5*p**4/6 - 5*p**3/6 + 5*p**2 - p. Let q be o(-10). What is the units digit of -2 - (-7)/(21/q)?
8
Let o = -58 + 1957. What is the thousands digit of o?
1